{"id":225,"date":"2026-04-16T20:19:38","date_gmt":"2026-04-16T20:19:38","guid":{"rendered":"https:\/\/importacionesalice.com\/?post_type=product&#038;p=225"},"modified":"2026-04-16T20:20:48","modified_gmt":"2026-04-16T20:20:48","slug":"mini-parlante-con-microfono-portatil-k12","status":"publish","type":"product","link":"https:\/\/importacionesalice.com\/index.php\/product\/mini-parlante-con-microfono-portatil-k12\/","title":{"rendered":"Mini parlante con microfono portatil k12"},"content":{"rendered":"<p>MINI PARLANTE CON MICROFONO PORTATIL K12 &#x1f3b6;&#x1f50a;&#x1f399;&#xfe0f;<\/p>\n<p>&#x2705; Lleva la fiesta contigo en donde quiera que vayas, dise\u00f1ado con una \u00fanica bocina para ofrecerte un sonido potente y claro.<br \/>\n&#x2705; Conexi\u00f3n inal\u00e1mbrica bluetooth para reproducir tu m\u00fasica favorita de forma inal\u00e1mbrica<br \/>\n&#x2705; Viene equipado con un peque\u00f1o micr\u00f3fono de karaoke KTV<br \/>\n&#x2705; Incluye conexi\u00f3n para memoria externa.<br \/>\n&#x2705; Ofrece una potencia de 10 a 20W para un sonido impresionante.<br \/>\n&#x2705; Se alimenta a trav\u00e9s de USB para una carga conveniente.<br \/>\n&#x2705; Colores: Celeste, crema y rosa (surtido)<\/p>\n<p>&#x1f4b8; Precio unidad: 14.50<br \/>\n&#x1f4b8; Min 3 unidad: 14.00<\/p>\n","protected":false},"excerpt":{"rendered":"<p>MINI PARLANTE CON MICROFONO PORTATIL K12 &#x1f3b6;&#x1f50a;&#x1f399;&#xfe0f; &#x2705; Lleva la fiesta contigo en donde quiera que vayas, dise\u00f1ado con una [&hellip;]<\/p>\n","protected":false},"featured_media":265,"comment_status":"closed","ping_status":"closed","template":"","meta":{"site-sidebar-layout":"default","site-content-layout":"","ast-site-content-layout":"default","site-content-style":"default","site-sidebar-style":"default","ast-global-header-display":"","ast-banner-title-visibility":"","ast-main-header-display":"","ast-hfb-above-header-display":"","ast-hfb-below-header-display":"","ast-hfb-mobile-header-display":"","site-post-title":"","ast-breadcrumbs-content":"","ast-featured-img":"","footer-sml-layout":"","ast-disable-related-posts":"","theme-transparent-header-meta":"","adv-header-id-meta":"","stick-header-meta":"","header-above-stick-meta":"","header-main-stick-meta":"","header-below-stick-meta":"","astra-migrate-meta-layouts":"default","ast-page-background-enabled":"default","ast-page-background-meta":{"desktop":{"background-color":"var(--ast-global-color-5)","background-image":"","background-repeat":"repeat","background-position":"center center","background-size":"auto","background-attachment":"scroll","background-type":"","background-media":"","overlay-type":"","overlay-color":"","overlay-opacity":"","overlay-gradient":""},"tablet":{"background-color":"","background-image":"","background-repeat":"repeat","background-position":"center center","background-size":"auto","background-attachment":"scroll","background-type":"","background-media":"","overlay-type":"","overlay-color":"","overlay-opacity":"","overlay-gradient":""},"mobile":{"background-color":"","background-image":"","background-repeat":"repeat","background-position":"center center","background-size":"auto","background-attachment":"scroll","background-type":"","background-media":"","overlay-type":"","overlay-color":"","overlay-opacity":"","overlay-gradient":""}},"ast-content-background-meta":{"desktop":{"background-color":"var(--ast-global-color-4)","background-image":"","background-repeat":"repeat","background-position":"center center","background-size":"auto","background-attachment":"scroll","background-type":"","background-media":"","overlay-type":"","overlay-color":"","overlay-opacity":"","overlay-gradient":""},"tablet":{"background-color":"var(--ast-global-color-4)","background-image":"","background-repeat":"repeat","background-position":"center center","background-size":"auto","background-attachment":"scroll","background-type":"","background-media":"","overlay-type":"","overlay-color":"","overlay-opacity":"","overlay-gradient":""},"mobile":{"background-color":"var(--ast-global-color-4)","background-image":"","background-repeat":"repeat","background-position":"center center","background-size":"auto","background-attachment":"scroll","background-type":"","background-media":"","overlay-type":"","overlay-color":"","overlay-opacity":"","overlay-gradient":""}}},"product_brand":[],"product_cat":[17],"product_tag":[],"class_list":{"0":"post-225","1":"product","2":"type-product","3":"status-publish","4":"has-post-thumbnail","6":"product_cat-hogar","7":"desktop-align-left","8":"tablet-align-left","9":"mobile-align-left","11":"first","12":"instock","13":"shipping-taxable","14":"purchasable","15":"product-type-simple"},"_links":{"self":[{"href":"https:\/\/importacionesalice.com\/index.php\/wp-json\/wp\/v2\/product\/225","targetHints":{"allow":["GET"]}}],"collection":[{"href":"https:\/\/importacionesalice.com\/index.php\/wp-json\/wp\/v2\/product"}],"about":[{"href":"https:\/\/importacionesalice.com\/index.php\/wp-json\/wp\/v2\/types\/product"}],"replies":[{"embeddable":true,"href":"https:\/\/importacionesalice.com\/index.php\/wp-json\/wp\/v2\/comments?post=225"}],"wp:featuredmedia":[{"embeddable":true,"href":"https:\/\/importacionesalice.com\/index.php\/wp-json\/wp\/v2\/media\/265"}],"wp:attachment":[{"href":"https:\/\/importacionesalice.com\/index.php\/wp-json\/wp\/v2\/media?parent=225"}],"wp:term":[{"taxonomy":"product_brand","embeddable":true,"href":"https:\/\/importacionesalice.com\/index.php\/wp-json\/wp\/v2\/product_brand?post=225"},{"taxonomy":"product_cat","embeddable":true,"href":"https:\/\/importacionesalice.com\/index.php\/wp-json\/wp\/v2\/product_cat?post=225"},{"taxonomy":"product_tag","embeddable":true,"href":"https:\/\/importacionesalice.com\/index.php\/wp-json\/wp\/v2\/product_tag?post=225"}],"curies":[{"name":"wp","href":"https:\/\/api.w.org\/{rel}","templated":true}]}}